nd derivative of 0 - 1/6*u**3 + 10*u + 0*u**v. Determine c(-4).
4
Let j(p) be the first derivative of p**3/3 - p**2/2 - 5*p - 31. Determine j(4).
7
Let s(f) = f**3 - 2*f**2 + f. Let b(o) = -o**3 - 3*o**2 + 2*o - 2. Let u(x) = -b(x) + s(x). Give u(-2).
-8
Let s(h) = h**2 - 9*h + 8. Suppose 10 = -152*z + 154*z. Suppose 2*n + z*r = r + 30, r = -5*n + 48. What is s(n)?
8
Let j(o) = -5*o**3 - 2*o**2 + o. Suppose 5*n - 3 = -2*i, -5*n + 7 = -9*i + 7*i. Calculate j(n).
-6
Let a = -40 + 34. Let q(r) = -2*r**2 - 9*r**2 - r**3 + 4*r**2 - 5*r + 0*r**3 + 7. Calculate q(a).
1
Let p(g) = -13*g + 3. Let n(l) = 3*l - 1. Let k(c) = -4*n(c) - p(c). Calculate k(3).
4
Let m = -1593 - -1596. Let j(x) = x - 12. What is j(m)?
-9
Let u be (24/1)/8 - -1. Let x(h) = h**2 - 5*h + 4. Give x(u).
0
Let b(d) = 2*d + 10. Let p(h) = -9*h - 53. Let y(o) = 5*b(o) + p(o). Give y(1).
-2
Suppose -12 + 0 = 4*z. Let h(j) = -j**2 - 3*j - 4. Calculate h(z).
-4
Let y(q) = 11*q + 1. Let g(v) = -v. Let u be (-45)/(-55) + 2/11. Let j(l) = u*y(l) + 4*g(l). What is j(1)?
8
Let d(c) = 7*c**3 + 5*c**2 - 5*c - 1. Let u(g) = -6*g**3 - 5*g**2 + 5*g + 2. Let p(l) = -5*d(l) - 6*u(l). Determine p(-5).
18
Suppose -3*x - 4*k = -39, x + 0 = 5*k - 6. Let z(f) = f**2 - 10*f + 2. Give z(x).
-7
Let o(b) be the third derivative of -b**5/20 + b**4/12 + b**3/3 + 71*b**2. What is o(-2)?
-14
Let n = -121 - -126. Let s(j) = -6*j**2 + 5*j**2 + 12*j - n + 14 - 11*j. What is s(0)?
9
Suppose 3*g - 5 + 20 = 0. Let n(j) = 11*j**2 - 8*j - 12. Let u(m) = 34 - 42 - 5*m + 3*m**2 + 4*m**2. Let i(q) = g*n(q) + 8*u(q). What is i(-3)?
5
Suppose -3*f + 5*f - 24 = -4*i, -4*f + 2*i = -18. Let s be 7/3 + (-2)/f. Let z be 2/s + 0 + 4. Let r(m) = m**2 - 3*m - 6. Determine r(z).
4
Let b = -38 + 40. Suppose 3*o - b*o = -5*l + 11, 5*o = 3*l + 27. Let k(t) = t**3 - 7*t**2 + 4*t + 8. Calculate k(o).
-4
Let n(b) be the second derivative of -b**4/6 - b**3/6 - 2*b. Let s(k) = k**2 + 13*k + 18. Let h be s(-8). Let o = h - -23. Determine n(o).
-3
Let p(x) = 4*x**3 - x**2 + 1. Let w = -374 - -375. Give p(w).
4
Suppose 2 = 3*t - 4*f, -t + 6*t = -2*f - 40. Let z(v) = -2*v - 9. Let b(o) = -6*o - 26. Let s(l) = 3*b(l) - 8*z(l). What is s(t)?
6
Let z be (-18477)/2376 - -8 - (-4)/(-22). Let h(y) be the third derivative of 0*y + 0 - 4*y**2 + z*y**4 + 0*y**3. What is h(1)?
1
Let h(a) = -a**3 - 5*a**2 - a + 2. Let r be h(-4). Let o be r/5*1/(-2). Let z(p) = -2*p - 5. Let c(x) = 2*x + 6. Let g(i) = -4*c(i) - 5*z(i). Give g(o).
3
Let l(q) = -7*q**3 + 27*q**2 - 3*q + 6. Let w(u) = -u**3 + 5*u**2 - u + 1. Let b(c) = l(c) - 6*w(c). What is b(-3)?
-9
Let b = 13 + -15. Let k be (-2*(-4)/(-4))/(b/(-5)). Let h(w) = w - 1. Determine h(k).
-6
Suppose 19 = 2*i + j, -96*i - 4 = -93*i - 5*j. Let a(g) = g**3 - 7*g**2 - 7. Calculate a(i).
-7
Let l(v) = -v. Let f be 21*-1*(-3)/(-9)*3. Let j = f + 22. Determine l(j).
-1
Let w be (-28)/(-42) - (-20)/6. Let d(r) = -2*r + 2. Calculate d(w).
-6
Let a be 12/3*(-1)/(-2). Suppose a*j + t - 9 + 0 = 0, -j - 2*t = -9. Let m(q) be the third derivative of -q**4/8 + 2*q**3/3 + 6*q**2 - 2*q. Determine m(j).
-5
Let g(d) = -235*d - 2121. Let a be g(-9). Let y(r) = 6*r + 5*r + r**2 - 6*r - 4. Determine y(a).
2
Let a(v) = -8*v**2 + 21*v + 19. Let c(n) = -5*n**2 + 11*n + 10. Let l(q) = 3*a(q) - 5*c(q). What is l(-8)?
7
Let z(m) = 6*m**2 - 6*m - 14. Suppose o + 55 = -10*o. Let i(a) = 7*a**2 - 6*a - 15. Let s(d) = o*i(d) + 6*z(d). Determine s(8).
7
Let p(h) = -h**3 + 15 - 29*h + 20*h - 165*h**2 + 152*h**2. Give p(-12).
-21
Let a(c) = -25*c**2 - 2*c + 7. Let y(t) = -6*t**2 - t. Let p(g) = a(g) - 4*y(g). Give p(3).
4
Let v(f) = f**3 - 5*f**2 + f + 2. Let u be (-72)/(-33) + 4/(-22). Suppose -7 = -u*l + 3. Give v(l).
7
Let p be -2 + (0 - (0 + 0)). Let i(h) = -4 + 3 + 32031718*h - 32031711*h. Give i(p).
-15
Let s(a) = a + 8. Suppose 0 = -23*d - 9*d - 192. Give s(d).
2
Let j(t) = -3*t**2 - 17*t - 3. Let o(f) = -2*f**2 - 9*f - 2. Let y(c) = -3*j(c) + 5*o(c). Determine y(4).
7
Let y(t) = 2*t + 17. Let v(h) = 66*h - 533. Let o be v(8). Determine y(o).
7
Let d(s) = -5*s - 300*s**2 + 148*s**2 + 0*s**3 - 4 - s**3 + 151*s**2. What is d(-3)?
29
Suppose 0 = -11*w + 16*w + 35. Let k(z) = -z - 10. Give k(w).
-3
Let d(u) = u**2 - u. Let c(h) = 0 - 1 - 8*h**2 + 4 + 5*h. Let r(s) = c(s) + 6*d(s). Calculate r(-3).
-12
Let x = 0 - 5. Let k(f) be the second derivative of -1/2*f**4 + 0 + 7/2*f**2 - 5/6*f**3 - 1/20*f**5 + f. Give k(x).
7
Let t be (-5)/3 + 2/3. Let o be ((-3)/6)/(t/24). Let l(n) = -n + 11. Calculate l(o).
-1
Suppose -7 = 2*k - 1. Let p = k - -7. Let q(u) = -2*u + 3. What is q(p)?
-5
Let r be (-36)/180*2/2*0. Let q(w) = -2*w. What is q(r)?
0
Let c(m) = -5*m**3 + 6*m**2 + 4*m + 4. Let n(q) = -q**3 + 2*q**2. Let l(v) = -c(v) + 6*n(v). Give l(4).
12
Let v(y) be the third derivative of y**4/24 + y**3 - 24*y**2. Suppose 0 = 7*w + 53 - 11. Determine v(w).
0
Let y(a) = 12*a + 5. Let w(r) = 19*r + 7. Let x(b) = -5*w(b) + 8*y(b). Calculate x(5).
10
Let z(n) = n. Suppose -c + 3 = -1. Suppose 5*d = c*h - 37, -3*h = -5*h + 4*d + 26. Determine z(h).
3
Let q(c) = -5*c + 33. Let d be q(4). Let z(f) = f**3 - 12*f**2 - 12*f - 14. What is z(d)?
-1
Let i(g) = -g**2 + 5*g - 2. Let o be (1 + 0)/((-4)/(-12)). Let r(l) = -4*l + 5. Let z be r(o). Let q = z + 12. Calculate i(q).
-2
Let j(a) = 0*a**3 + 13 - a**3 + 7 - 12*a**2 - 12*a - 26. Give j(-11).
5
Let y be ((-9)/(-15) - (-13)/(-5)) + 1. Let i(l) = -l**3 - 2*l**2 - 4*l - 3. Let f be i(y). Let w(q) = -q**3 + q**2 - q - 8. Calculate w(f).
-8
Let o(v) = v**3 - 7*v**2 + v - 2. Let k = 446 + -439. What is o(k)?
5
Let n(r) = r**2 - r - 7. Suppose 5*s + 4*c + 35 = 0, 0*s + 5*c + 37 = -4*s. Calculate n(s).
5
Let k(l) be the second derivative of l**2 - 1/20*l**5 + 0 - 14*l - 1/6*l**3 + 5/12*l**4. Give k(5).
-3
Let y = 1298 - 1300. Let p(i) = 5*i + 3. What is p(y)?
-7
Let t(h) = 5*h**2 + 16*h - 29. Let v = 6 - 17. Let y(n) = n**2 + 3*n - 6. Let a(m) = v*y(m) + 2*t(m). Calculate a(0).
8
Let w(d) be the third derivative of -d**6/720 + 5*d**4/6 + 3*d**2. Let c(j) be the second derivative of w(j). Give c(-5).
5
Let j(p) be the second derivative of p**4/6 + 11*p**3/3 + 487*p. Give j(-11).
0
Suppose h - 35 = -11. Let v = h + -29. Let p(d) = d**2 + 8*d + 6. Give p(v).
-9
Let a(x) = -7*x + 3. Let k(l) = l**3 + 2*l**2 - 2*l + 4. Let g be k(-3). Let r be -3*g*(-12)/9. Let j = -2 + r. What is a(j)?
-11
Let s(h) = 2*h. Let g(o) = 7*o. Let d be g(2). Let y be 680/306 - (1 + d/(-18)). Give s(y).
4
Let c(j) = -j**3 - 12*j**2 + 4*j + 1. Let t(n) = -2*n**3 - 23*n**2 + 7*n + 3. Let m(a) = -11*c(a) + 6*t(a). Calculate m(-5).
-8
Let a(g) be the second derivative of 0 + 1/3*g**4 + 3/2*g**2 - 1/20*g**5 - 6*g - 1/6*g**3. Determine a(4).
-1
Let x(k) = 2*k - 19. Let l be x(11). Let b(t) = -6 + 2 + 2*t**2 - 79*t**l + 78*t**3 + 2*t**2 + 4*t. Determine b(4).
12
Suppose -6 = -5*v + 4*v. Suppose 2*x - x + 16 = 4*t, 0 = -3*t + v. Let o = 11 + x. Let z(j) = j**2 - 4*j + 2. Determine z(o).
-1
Suppose a - 3 = -0*a. Let w be (-1)/(a*1/18). Let x(k) = 3*k - 4*k**3 + k**2 - 7 + k**2 + 3*k**3 - 7*k**2. Calculate x(w).
11
Suppose 22*b = 24*b - 10. Let i(z) = 6 + 2*z**2 + z**2 + 2*z - b. Calculate i(-2).
9
Let l(y) = 4*y**2 - 16*y**2 + 12 - 10*y - 11*y - y. Let u(a) = -a**2 - 2*a + 1. Let j(m) = -l(m) + 10*u(m). Calculate j(-4).
22
Let p(f) = -2*f**3 + 3*f**2 - 2*f + 2. Let g be p(2). Let u = 17 - 26. Let b(v) = -5*v + 12. Let i(d) = d - 3. Let z(n) = u*i(n) - 2*b(n). Give z(g).
-3
Let v be (-2 + (-60)/(-25))*15. Let f(b) = v - 4*b + 2 - 4 + 5*b. Give f(-5).
-1
Let s be ((-12)/8)/(((-36)/8)/(-9)). Let g(a) = -2*a - 1. Determine g(s).
5
Let a(i) = i**2 + 5*i - 2. Suppose -5*r - 25 = 0, -r = -3*m - 0 + 2. Let f = 3 - m. Suppose f*q + d + 26 = 0, -5*d = -9*q + 4*q - 20. Give a(q).
4
Let t(i) = 3*i - 2. Let z(j) = -2*j - 5. Let o be z(2). Let r(w) = -13*w + 9. Let h(d) = o*t(d) - 2*r(d). Give h(-5).
5
Let n(u) = 13*u**2 + 17 - u**2 + 21*u - u**2. Let k(z) be the first derivative of 5*z**3/3 + 5*z**2 + 8*z - 286. Let q(f) = 13*k(f) - 6*n(f). Calculate q(4).
2
Let c(y) = 2*y**2 - 2*y - 2. Let b = 73 - 71. Calculate c(b).
2
Let k(l) be the first derivative of 5*l**2/2 - 9*l + 193. Suppose 2*o - 4 = -2*y - 0*o, 5*o + 38 = 3*y. What is k(y)?
21
Let j(d) = -d + 5. Let p = -